{"id":3216,"date":"2023-07-15T01:27:51","date_gmt":"2023-07-14T23:27:51","guid":{"rendered":"https:\/\/fuchstransporte.org\/event-archiv\/laenderkonvoi-italien\/"},"modified":"2023-07-15T01:27:51","modified_gmt":"2023-07-14T23:27:51","slug":"laenderkonvoi-italien","status":"publish","type":"mec-events","link":"https:\/\/fuchstransporte.org\/en\/events\/laenderkonvoi-italien\/","title":{"rendered":"L\u00e4nderkonvoi | Italien"},"content":{"rendered":"<p>Wir w\u00fcrden euch gerne zum L\u00e4nderkonvoi einladen <br \/>Wann (12.08.2023) Treff (20.uhr abfahrt 20.20) <br \/>Wer (MiDo Group) <br \/>Wo (Bari. ContainerPort) <br \/>Wohin (Sassari. Marina) <br \/>Wie lang (1.584Km )<\/p>","protected":false},"excerpt":{"rendered":"<p>Wir w\u00fcrden euch gerne zum L\u00e4nderkonvoi einladen Wann (12.08.2023) Treff (20.uhr abfahrt 20.20) Wer (MiDo Group) Wo (Bari. ContainerPort) Wohin (Sassari. Marina) [&hellip;]<\/p>\n","protected":false},"author":1,"featured_media":3209,"comment_status":"open","ping_status":"closed","template":"","tags":[],"mec_category":[29,31,41,30],"class_list":["post-3216","mec-events","type-mec-events","status-publish","has-post-thumbnail","hentry","mec_category-ets","mec_category-kontinent","mec_category-lwl","mec_category-partner-konvoi"],"yoast_head":"<!-- This site is optimized with the Yoast SEO plugin v27.5 - https:\/\/yoast.com\/product\/yoast-seo-wordpress\/ -->\n<title>L\u00e4nderkonvoi | Italien | Fuchs Transporte<\/title>\n<meta name=\"robots\" content=\"index, follow, max-snippet:-1, max-image-preview:large, max-video-preview:-1\" \/>\n<link rel=\"canonical\" href=\"https:\/\/fuchstransporte.org\/en\/events\/laenderkonvoi-italien\/\" \/>\n<meta property=\"og:locale\" content=\"en_GB\" \/>\n<meta property=\"og:type\" content=\"article\" \/>\n<meta property=\"og:title\" content=\"L\u00e4nderkonvoi | Italien | Fuchs Transporte\" \/>\n<meta property=\"og:description\" content=\"Wir w\u00fcrden euch gerne zum L\u00e4nderkonvoi einladen Wann (12.08.2023) Treff (20.uhr abfahrt 20.20) Wer (MiDo Group) Wo (Bari. ContainerPort) Wohin (Sassari. Marina) [&hellip;]\" \/>\n<meta property=\"og:url\" content=\"https:\/\/fuchstransporte.org\/en\/events\/laenderkonvoi-italien\/\" \/>\n<meta property=\"og:site_name\" content=\"Fuchs Transporte\" \/>\n<meta name=\"twitter:card\" content=\"summary_large_image\" \/>\n<script type=\"application\/ld+json\" class=\"yoast-schema-graph\">{\"@context\":\"https:\\\/\\\/schema.org\",\"@graph\":[{\"@type\":\"WebPage\",\"@id\":\"https:\\\/\\\/fuchstransporte.org\\\/events\\\/laenderkonvoi-italien\\\/\",\"url\":\"https:\\\/\\\/fuchstransporte.org\\\/events\\\/laenderkonvoi-italien\\\/\",\"name\":\"L\u00e4nderkonvoi | Italien | Fuchs Transporte\",\"isPartOf\":{\"@id\":\"https:\\\/\\\/fuchstransporte.org\\\/#website\"},\"primaryImageOfPage\":{\"@id\":\"https:\\\/\\\/fuchstransporte.org\\\/events\\\/laenderkonvoi-italien\\\/#primaryimage\"},\"image\":{\"@id\":\"https:\\\/\\\/fuchstransporte.org\\\/events\\\/laenderkonvoi-italien\\\/#primaryimage\"},\"thumbnailUrl\":\"https:\\\/\\\/i0.wp.com\\\/fuchstransporte.org\\\/wp-content\\\/uploads\\\/2023\\\/07\\\/MiDo_Group_Logo_Trans_2023_WEB.png?fit=8000%2C8000&ssl=1\",\"datePublished\":\"2023-07-14T23:27:51+00:00\",\"breadcrumb\":{\"@id\":\"https:\\\/\\\/fuchstransporte.org\\\/events\\\/laenderkonvoi-italien\\\/#breadcrumb\"},\"inLanguage\":\"en-GB\",\"potentialAction\":[{\"@type\":\"ReadAction\",\"target\":[\"https:\\\/\\\/fuchstransporte.org\\\/events\\\/laenderkonvoi-italien\\\/\"]}]},{\"@type\":\"ImageObject\",\"inLanguage\":\"en-GB\",\"@id\":\"https:\\\/\\\/fuchstransporte.org\\\/events\\\/laenderkonvoi-italien\\\/#primaryimage\",\"url\":\"https:\\\/\\\/i0.wp.com\\\/fuchstransporte.org\\\/wp-content\\\/uploads\\\/2023\\\/07\\\/MiDo_Group_Logo_Trans_2023_WEB.png?fit=8000%2C8000&ssl=1\",\"contentUrl\":\"https:\\\/\\\/i0.wp.com\\\/fuchstransporte.org\\\/wp-content\\\/uploads\\\/2023\\\/07\\\/MiDo_Group_Logo_Trans_2023_WEB.png?fit=8000%2C8000&ssl=1\",\"width\":8000,\"height\":8000},{\"@type\":\"BreadcrumbList\",\"@id\":\"https:\\\/\\\/fuchstransporte.org\\\/events\\\/laenderkonvoi-italien\\\/#breadcrumb\",\"itemListElement\":[{\"@type\":\"ListItem\",\"position\":1,\"name\":\"Startseite\",\"item\":\"https:\\\/\\\/fuchstransporte.org\\\/\"},{\"@type\":\"ListItem\",\"position\":2,\"name\":\"Veranstaltungen\",\"item\":\"https:\\\/\\\/fuchstransporte.org\\\/events\\\/\"},{\"@type\":\"ListItem\",\"position\":3,\"name\":\"L\u00e4nderkonvoi | Italien\"}]},{\"@type\":\"WebSite\",\"@id\":\"https:\\\/\\\/fuchstransporte.org\\\/#website\",\"url\":\"https:\\\/\\\/fuchstransporte.org\\\/\",\"name\":\"Fuchs Transporte\",\"description\":\"Die Profis im Transport! | VTC\",\"publisher\":{\"@id\":\"https:\\\/\\\/fuchstransporte.org\\\/#organization\"},\"potentialAction\":[{\"@type\":\"SearchAction\",\"target\":{\"@type\":\"EntryPoint\",\"urlTemplate\":\"https:\\\/\\\/fuchstransporte.org\\\/?s={search_term_string}\"},\"query-input\":{\"@type\":\"PropertyValueSpecification\",\"valueRequired\":true,\"valueName\":\"search_term_string\"}}],\"inLanguage\":\"en-GB\"},{\"@type\":\"Organization\",\"@id\":\"https:\\\/\\\/fuchstransporte.org\\\/#organization\",\"name\":\"Fuchs Transporte GmbH (Virtuell Spedition)\",\"url\":\"https:\\\/\\\/fuchstransporte.org\\\/\",\"logo\":{\"@type\":\"ImageObject\",\"inLanguage\":\"en-GB\",\"@id\":\"https:\\\/\\\/fuchstransporte.org\\\/#\\\/schema\\\/logo\\\/image\\\/\",\"url\":\"https:\\\/\\\/i0.wp.com\\\/fuchstransporte.org\\\/wp-content\\\/uploads\\\/2022\\\/06\\\/IMG_20220610_193129.png?fit=2633%2C1828&ssl=1\",\"contentUrl\":\"https:\\\/\\\/i0.wp.com\\\/fuchstransporte.org\\\/wp-content\\\/uploads\\\/2022\\\/06\\\/IMG_20220610_193129.png?fit=2633%2C1828&ssl=1\",\"width\":2633,\"height\":1828,\"caption\":\"Fuchs Transporte GmbH (Virtuell Spedition)\"},\"image\":{\"@id\":\"https:\\\/\\\/fuchstransporte.org\\\/#\\\/schema\\\/logo\\\/image\\\/\"},\"sameAs\":[\"https:\\\/\\\/www.youtube.com\\\/channel\\\/UCbsfFGQaJpYplT5ek18gXnw\",\"https:\\\/\\\/www.instagram.com\\\/ft_fuchstransporte\\\/\"]}]}<\/script>\n<!-- \/ Yoast SEO plugin. -->","yoast_head_json":{"title":"L\u00e4nderkonvoi | Italien | Fuchs Transporte","robots":{"index":"index","follow":"follow","max-snippet":"max-snippet:-1","max-image-preview":"max-image-preview:large","max-video-preview":"max-video-preview:-1"},"canonical":"https:\/\/fuchstransporte.org\/en\/events\/laenderkonvoi-italien\/","og_locale":"en_GB","og_type":"article","og_title":"L\u00e4nderkonvoi | Italien | Fuchs Transporte","og_description":"Wir w\u00fcrden euch gerne zum L\u00e4nderkonvoi einladen Wann (12.08.2023) Treff (20.uhr abfahrt 20.20) Wer (MiDo Group) Wo (Bari. ContainerPort) Wohin (Sassari. Marina) [&hellip;]","og_url":"https:\/\/fuchstransporte.org\/en\/events\/laenderkonvoi-italien\/","og_site_name":"Fuchs Transporte","twitter_card":"summary_large_image","schema":{"@context":"https:\/\/schema.org","@graph":[{"@type":"WebPage","@id":"https:\/\/fuchstransporte.org\/events\/laenderkonvoi-italien\/","url":"https:\/\/fuchstransporte.org\/events\/laenderkonvoi-italien\/","name":"L\u00e4nderkonvoi | Italien | Fuchs Transporte","isPartOf":{"@id":"https:\/\/fuchstransporte.org\/#website"},"primaryImageOfPage":{"@id":"https:\/\/fuchstransporte.org\/events\/laenderkonvoi-italien\/#primaryimage"},"image":{"@id":"https:\/\/fuchstransporte.org\/events\/laenderkonvoi-italien\/#primaryimage"},"thumbnailUrl":"https:\/\/i0.wp.com\/fuchstransporte.org\/wp-content\/uploads\/2023\/07\/MiDo_Group_Logo_Trans_2023_WEB.png?fit=8000%2C8000&ssl=1","datePublished":"2023-07-14T23:27:51+00:00","breadcrumb":{"@id":"https:\/\/fuchstransporte.org\/events\/laenderkonvoi-italien\/#breadcrumb"},"inLanguage":"en-GB","potentialAction":[{"@type":"ReadAction","target":["https:\/\/fuchstransporte.org\/events\/laenderkonvoi-italien\/"]}]},{"@type":"ImageObject","inLanguage":"en-GB","@id":"https:\/\/fuchstransporte.org\/events\/laenderkonvoi-italien\/#primaryimage","url":"https:\/\/i0.wp.com\/fuchstransporte.org\/wp-content\/uploads\/2023\/07\/MiDo_Group_Logo_Trans_2023_WEB.png?fit=8000%2C8000&ssl=1","contentUrl":"https:\/\/i0.wp.com\/fuchstransporte.org\/wp-content\/uploads\/2023\/07\/MiDo_Group_Logo_Trans_2023_WEB.png?fit=8000%2C8000&ssl=1","width":8000,"height":8000},{"@type":"BreadcrumbList","@id":"https:\/\/fuchstransporte.org\/events\/laenderkonvoi-italien\/#breadcrumb","itemListElement":[{"@type":"ListItem","position":1,"name":"Startseite","item":"https:\/\/fuchstransporte.org\/"},{"@type":"ListItem","position":2,"name":"Veranstaltungen","item":"https:\/\/fuchstransporte.org\/events\/"},{"@type":"ListItem","position":3,"name":"L\u00e4nderkonvoi | Italien"}]},{"@type":"WebSite","@id":"https:\/\/fuchstransporte.org\/#website","url":"https:\/\/fuchstransporte.org\/","name":"Fuchs Transporte","description":"Die Profis im Transport! | VTC","publisher":{"@id":"https:\/\/fuchstransporte.org\/#organization"},"potentialAction":[{"@type":"SearchAction","target":{"@type":"EntryPoint","urlTemplate":"https:\/\/fuchstransporte.org\/?s={search_term_string}"},"query-input":{"@type":"PropertyValueSpecification","valueRequired":true,"valueName":"search_term_string"}}],"inLanguage":"en-GB"},{"@type":"Organization","@id":"https:\/\/fuchstransporte.org\/#organization","name":"Fuchs Transporte GmbH (Virtuell Spedition)","url":"https:\/\/fuchstransporte.org\/","logo":{"@type":"ImageObject","inLanguage":"en-GB","@id":"https:\/\/fuchstransporte.org\/#\/schema\/logo\/image\/","url":"https:\/\/i0.wp.com\/fuchstransporte.org\/wp-content\/uploads\/2022\/06\/IMG_20220610_193129.png?fit=2633%2C1828&ssl=1","contentUrl":"https:\/\/i0.wp.com\/fuchstransporte.org\/wp-content\/uploads\/2022\/06\/IMG_20220610_193129.png?fit=2633%2C1828&ssl=1","width":2633,"height":1828,"caption":"Fuchs Transporte GmbH (Virtuell Spedition)"},"image":{"@id":"https:\/\/fuchstransporte.org\/#\/schema\/logo\/image\/"},"sameAs":["https:\/\/www.youtube.com\/channel\/UCbsfFGQaJpYplT5ek18gXnw","https:\/\/www.instagram.com\/ft_fuchstransporte\/"]}]}},"jetpack_sharing_enabled":true,"_links":{"self":[{"href":"https:\/\/fuchstransporte.org\/en\/wp-json\/wp\/v2\/mec-events\/3216","targetHints":{"allow":["GET"]}}],"collection":[{"href":"https:\/\/fuchstransporte.org\/en\/wp-json\/wp\/v2\/mec-events"}],"about":[{"href":"https:\/\/fuchstransporte.org\/en\/wp-json\/wp\/v2\/types\/mec-events"}],"author":[{"embeddable":true,"href":"https:\/\/fuchstransporte.org\/en\/wp-json\/wp\/v2\/users\/1"}],"replies":[{"embeddable":true,"href":"https:\/\/fuchstransporte.org\/en\/wp-json\/wp\/v2\/comments?post=3216"}],"version-history":[{"count":0,"href":"https:\/\/fuchstransporte.org\/en\/wp-json\/wp\/v2\/mec-events\/3216\/revisions"}],"wp:featuredmedia":[{"embeddable":true,"href":"https:\/\/fuchstransporte.org\/en\/wp-json\/wp\/v2\/media\/3209"}],"wp:attachment":[{"href":"https:\/\/fuchstransporte.org\/en\/wp-json\/wp\/v2\/media?parent=3216"}],"wp:term":[{"taxonomy":"post_tag","embeddable":true,"href":"https:\/\/fuchstransporte.org\/en\/wp-json\/wp\/v2\/tags?post=3216"},{"taxonomy":"mec_category","embeddable":true,"href":"https:\/\/fuchstransporte.org\/en\/wp-json\/wp\/v2\/mec_category?post=3216"}],"curies":[{"name":"wp","href":"https:\/\/api.w.org\/{rel}","templated":true}]}}

Länderkonvoi | Italien

<p>Wir würden euch gerne zum Länderkonvoi einladen <br />Wann (12.08.2023) Treff (20.uhr abfahrt 20.20) <br />Wer (MiDo Group) <br />Wo (Bari. ContainerPort) <br />Wohin (Sassari. Marina) <br />Wie lang (1.584Km )</p>

<p>Wir würden euch gerne zum Länderkonvoi einladen Wann (12.08.2023) Treff (20.uhr abfahrt 20.20) Wer (MiDo Group) Wo (Bari. ContainerPort) Wohin (Sassari. Marina) [&hellip;]</p>

<!-- This site is optimized with the Yoast SEO plugin v27.5 - https://yoast.com/product/yoast-seo-wordpress/ -->
<title>Länderkonvoi | Italien | Fuchs Transporte</title>
<meta name="robots" content="index, follow, max-snippet:-1, max-image-preview:large, max-video-preview:-1" />
<link rel="canonical" href="https://fuchstransporte.org/en/events/laenderkonvoi-italien/" />
<meta property="og:locale" content="en_GB" />
<meta property="og:type" content="article" />
<meta property="og:title" content="Länderkonvoi | Italien | Fuchs Transporte" />
<meta property="og:description" content="Wir würden euch gerne zum Länderkonvoi einladen Wann (12.08.2023) Treff (20.uhr abfahrt 20.20) Wer (MiDo Group) Wo (Bari. ContainerPort) Wohin (Sassari. Marina) [&hellip;]" />
<meta property="og:url" content="https://fuchstransporte.org/en/events/laenderkonvoi-italien/" />
<meta property="og:site_name" content="Fuchs Transporte" />
<meta name="twitter:card" content="summary_large_image" />
<script type="application/ld+json" class="yoast-schema-graph">{"@context":"https:\/\/schema.org","@graph":[{"@type":"WebPage","@id":"https:\/\/fuchstransporte.org\/events\/laenderkonvoi-italien\/","url":"https:\/\/fuchstransporte.org\/events\/laenderkonvoi-italien\/","name":"Länderkonvoi | Italien | Fuchs Transporte","isPartOf":{"@id":"https:\/\/fuchstransporte.org\/#website"},"primaryImageOfPage":{"@id":"https:\/\/fuchstransporte.org\/events\/laenderkonvoi-italien\/#primaryimage"},"image":{"@id":"https:\/\/fuchstransporte.org\/events\/laenderkonvoi-italien\/#primaryimage"},"thumbnailUrl":"https:\/\/i0.wp.com\/fuchstransporte.org\/wp-content\/uploads\/2023\/07\/MiDo_Group_Logo_Trans_2023_WEB.png?fit=8000%2C8000&ssl=1","datePublished":"2023-07-14T23:27:51+00:00","breadcrumb":{"@id":"https:\/\/fuchstransporte.org\/events\/laenderkonvoi-italien\/#breadcrumb"},"inLanguage":"en-GB","potentialAction":[{"@type":"ReadAction","target":["https:\/\/fuchstransporte.org\/events\/laenderkonvoi-italien\/"]}]},{"@type":"ImageObject","inLanguage":"en-GB","@id":"https:\/\/fuchstransporte.org\/events\/laenderkonvoi-italien\/#primaryimage","url":"https:\/\/i0.wp.com\/fuchstransporte.org\/wp-content\/uploads\/2023\/07\/MiDo_Group_Logo_Trans_2023_WEB.png?fit=8000%2C8000&ssl=1","contentUrl":"https:\/\/i0.wp.com\/fuchstransporte.org\/wp-content\/uploads\/2023\/07\/MiDo_Group_Logo_Trans_2023_WEB.png?fit=8000%2C8000&ssl=1","width":8000,"height":8000},{"@type":"BreadcrumbList","@id":"https:\/\/fuchstransporte.org\/events\/laenderkonvoi-italien\/#breadcrumb","itemListElement":[{"@type":"ListItem","position":1,"name":"Startseite","item":"https:\/\/fuchstransporte.org\/"},{"@type":"ListItem","position":2,"name":"Veranstaltungen","item":"https:\/\/fuchstransporte.org\/events\/"},{"@type":"ListItem","position":3,"name":"Länderkonvoi | Italien"}]},{"@type":"WebSite","@id":"https:\/\/fuchstransporte.org\/#website","url":"https:\/\/fuchstransporte.org\/","name":"Fuchs Transporte","description":"Die Profis im Transport! | VTC","publisher":{"@id":"https:\/\/fuchstransporte.org\/#organization"},"potentialAction":[{"@type":"SearchAction","target":{"@type":"EntryPoint","urlTemplate":"https:\/\/fuchstransporte.org\/?s={search_term_string}"},"query-input":{"@type":"PropertyValueSpecification","valueRequired":true,"valueName":"search_term_string"}}],"inLanguage":"en-GB"},{"@type":"Organization","@id":"https:\/\/fuchstransporte.org\/#organization","name":"Fuchs Transporte GmbH (Virtuell Spedition)","url":"https:\/\/fuchstransporte.org\/","logo":{"@type":"ImageObject","inLanguage":"en-GB","@id":"https:\/\/fuchstransporte.org\/#\/schema\/logo\/image\/","url":"https:\/\/i0.wp.com\/fuchstransporte.org\/wp-content\/uploads\/2022\/06\/IMG_20220610_193129.png?fit=2633%2C1828&ssl=1","contentUrl":"https:\/\/i0.wp.com\/fuchstransporte.org\/wp-content\/uploads\/2022\/06\/IMG_20220610_193129.png?fit=2633%2C1828&ssl=1","width":2633,"height":1828,"caption":"Fuchs Transporte GmbH (Virtuell Spedition)"},"image":{"@id":"https:\/\/fuchstransporte.org\/#\/schema\/logo\/image\/"},"sameAs":["https:\/\/www.youtube.com\/channel\/UCbsfFGQaJpYplT5ek18gXnw","https:\/\/www.instagram.com\/ft_fuchstransporte\/"]}]}</script>
<!-- / Yoast SEO plugin. -->

Länderkonvoi | Italien | Fuchs Transporte

Wir würden euch gerne zum Länderkonvoi einladen Wann (12.08.2023) Treff (20.uhr abfahrt 20.20) Wer (MiDo Group) Wo (Bari. ContainerPort) Wohin (Sassari. Marina) [&hellip;]
